Let s(j) = 8*j + 139. Let g be s(-17). Suppose -4*k - g = 3*p, -14 = 7*p - 3*p + 2*k. Let z(m) = m - 3. What is z(p)?
-8
Let u be (-12)/(-6) - 12/8*2/(-3). Let t(d) be the second derivative of -1/6*d**4 + 20*d - 1/20*d**5 + 0 + 1/6*d**u + d**2. Calculate t(-3).
8
Let z(d) be the second derivative of -d**4/12 + 7*d**3/2 - 21*d**2/2 + 2841*d. Determine z(16).
59
Let b(z) = z + 6. Suppose -33 = 14*i - 5. Let m be 4*(-75)/20 - 4/i. Give b(m).
-7
Let x(w) = 3*w**2 - w - 58. Let o be x(-4). Let u(p) = p**3 + 3*p**2 - 16*p + 17. What is u(o)?
5
Let i(c) = c**2 - 3*c + 26. Let x = 6337 + -6332. Determine i(x).
36
Suppose 0*u + 0*u = -3*u. Let m be 2 + (-2 + -1 - (u + -3)). Let t(o) = 6*o. Let z(i) = 9*i. Let f(v) = 8*t(v) - 5*z(v). Give f(m).
6
Suppose z + 18 = -2*r, -25*r = -23*r. Let g(f) = f**3 + 17*f**2 - 19*f - 11. What is g(z)?
7
Let q = -49 - -42. Let w(t) be the first derivative of t**5/60 + 5*t**4/24 - t**3/2 - t**2/2 - 11. Let x(d) be the second derivative of w(d). What is x(q)?
11
Suppose 0*q - 91 = -7*q. Let s(l) = -31*l + 13*l + q*l + 6*l - 6. Calculate s(4).
-2
Let m(z) = 23 + z**2 + 106*z - 29*z - 65*z. Determine m(-5).
-12
Let d(a) = -4*a**2 + 6*a + 1. Let z(h) = -19*h**2 + 35*h - 12. Let k(s) = -5*d(s) + z(s). Determine k(-7).
-3
Let z(j) = 2*j**2 - 12*j - 19. Let g = 5188 + -5180. Calculate z(g).
13
Let b(l) = l**2 + 4*l + 6. Let i(j) = j**2 - 2*j + 3. Let p(z) = -3*z**2 + 13*z - 7. Let a(w) = 4*i(w) + p(w). Let d(u) = -4*a(u) + 3*b(u). Calculate d(-7).
5
Let h(i) = -56*i - 13. Let d(t) = -11*t. Let y(p) = 5*d(p) - h(p). What is y(-12)?
1
Let z(q) = -q**3 - 8*q**2 - q - 27. Suppose 10*t - 8*t = 2*x + 2, -4*x - t - 39 = 0. Calculate z(x).
-19
Suppose 0 = 337*v - 668*v + 365*v - 170. Let l(o) = o**3 - 4*o**2 - 15*o + 35. Calculate l(v).
-15
Let i(q) = q**3 + q**2 + q - 3. Let p(z) = 31*z**3 - 3*z**2 - 5*z + 10. Let j(r) = 3*i(r) + p(r). What is j(1)?
33
Let x(b) = -272*b + 768*b + 4 - 254*b - 249*b. Calculate x(1).
-3
Let b(a) = a - 52 + 52. Let x be b(6). Let o(v) = 9*v + 16*v - 8 - v**3 - 17*v + 5*v**2. What is o(x)?
4
Let y(h) be the second derivative of -h**5/20 + h**4/4 + 3*h**2/2 + 3*h. Let n(f) = -20*f - 2 - 32 - 63. Let s be n(-5). What is y(s)?
3
Let j(d) = -161*d - 59. Let l(u) = -62*u - 24. Let n(h) = 5*j(h) - 13*l(h). Give n(-9).
8
Let t(w) be the second derivative of 25 - w**2 + 4*w - 7/6*w**3 + 1/6*w**4. Determine t(5).
13
Suppose -5*j - 11 = g, 24 = 4*g - 3*j - 1. Suppose g*q + 3*f - 20 = -2*f, 0 = -3*q - 5*f + 10. Let w(u) = -u**3 + 10*u**2 - u + 12. Determine w(q).
2
Let m(b) = 92 + 88 - 350 + 96 + 93 - b. What is m(8)?
11
Let o(k) = 4*k + 3. Suppose -v + 4*y + 91 = -0*y, -189 = -2*v + y. Suppose 5*w = -v + 10. Let s(q) = -q**3 - 18*q**2 - 18*q - 20. Let a be s(w). Give o(a).
-9
Let p(i) be the first derivative of 4*i**3/3 + 15*i**2 + 4*i - 26. Let b be p(-7). Let x(t) = t**3 + 9*t**2 - 9*t + 6. What is x(b)?
-4
Let y(u) be the third derivative of u**4/12 - 17*u**3/3 + 1876*u**2. Determine y(7).
-20
Suppose -466*w + 451*w - 15 = 0. Let b(k) be the second derivative of -9*k**5/20 + 2*k**2 + 2*k. Let p(x) = 1. Let m(l) = w*b(l) + 5*p(l). Give m(-1).
-8
Let n(g) = -g**2 + 21*g - 31. Let u be n(19). Let r(o) = 8*o + 8*o + 4*o - 19*o + u. Determine r(-5).
2
Let w = 4171 - 4172. Let d(g) = -5*g**2 + 1. Determine d(w).
-4
Let k(p) = 12*p + 1. Let c(q) = 96*q - 157. Let b(g) = -c(g) + 6*k(g). Calculate b(7).
-5
Suppose 46 = 8*f + 6. Let w(d) = -7*d + d**2 - 11 + 0*d + f*d - 3*d - 4*d. Calculate w(11).
11
Suppose 0 = -26*w + 116565 - 117163. Let a(g) = 3*g**2 + 68*g - 7. Calculate a(w).
16
Let c(x) = -x**3 + 166 + 1584*x**2 - 1581*x**2 + 6*x - 185. Give c(3).
-1
Let m(u) = 5*u**2 + 1. Let i = -14 - -183. Let j = i + -168. Determine m(j).
6
Let r(h) = h. Suppose 0 = -2*m - 2*p + 6, m + 3*p = 5*p - 3. Let j(s) = s**2 - 8*s + 1. Let c(g) = m*j(g) + 4*r(g). Let o be -3 + 7 - (-8)/(-4). Give c(o).
-3
Let s(b) = 3*b**2 + 23*b + 75. Let m be s(-13). Let v = 284 - m. Let d(a) = -42*a**3 + 1. Calculate d(v).
-41
Let h(k) be the third derivative of k**4/12 - k**3/6 - 2957*k**2. Suppose -3*v = -7 - 8. Suppose 3*b - 5*b - 19 = 5*s, -v*b = 3*s. Determine h(s).
-11
Let l(c) = -7*c**3 + 11*c**2 + 2*c + 22. Let r(u) = -20*u**3 + 32*u**2 + 5*u + 71. Let z(x) = 17*l(x) - 6*r(x). Give z(6).
8
Let a = 146 + -142. Let h(w) = 4*w**2 + 54*w - 4*w**2 + 5*w**2 - w**3 - 56*w + a. Calculate h(4).
12
Let r(f) = -21*f**3 + 147*f**2 - 6*f + 45. Let t be r(7). Let a(h) = h - 4. Let c = 0 + -1. Let p(n) = 1. Let d(w) = c*a(w) + p(w). What is d(t)?
2
Let o(f) = -f - 43. Suppose -4 = -l, -62*l + 20 = -c - 59*l. Calculate o(c).
-35
Let b(o) = -296*o - 892. Let t be b(-3). Let i(a) = -2*a**3 - 10*a**2 - 17*a - 9. Determine i(t).
27
Let f be 10*(189/(-105) + 2). Let p(v) = -6*v**2 + 7*v - 12. What is p(f)?
-22
Let n = -432 - -713. Let g = n + -276. Let k(p) = -2*p**2 + 7*p - 1. What is k(g)?
-16
Let k(c) = 5*c - 2. Suppose 0 = 4*u + 5*j - 48, 5*u - 60 = -42*j + 46*j. Suppose 43 = u*a + 19. Determine k(a).
8
Let t(y) = -y. Let r(a) = -2*a - 7. Let p(w) = r(w) + 2*t(w). Let d(l) = -17*l - 29. Let b(f) = -2*d(f) + 9*p(f). Suppose 0 = -44*c + 173 - 393. Calculate b(c).
5
Suppose -59 - 1 = -12*c. Suppose 4*k = 3*k + c*i + 13, 4*i = -k - 23. Let x(z) = 2*z + 8. Give x(k).
-6
Let k(c) be the first derivative of c**5/60 - 7*c**4/24 + 2*c**3/3 - 5*c**2/2 - 5. Let m(l) be the second derivative of k(l). Let q = 168 - 162. Calculate m(q).
-2
Let d(g) = 0*g**2 + 7*g - 47 + 97 + 4*g**2 - 51 - 3*g**2. Suppose 2*c + 6 = 6*c + 3*z, 3*c = 2*z - 4. Suppose -2*b - 12 = -c*b. What is d(b)?
-7
Let s = -5423 + 5431. Let k(d) = 8*d - 74. What is k(s)?
-10
Suppose -26*m = 9 - 87. Let f(v) = -m*v + 22 - 23 + 3. Suppose -3*t - a = -13, 3*a - 27 = 4*t - 9*t. Calculate f(t).
-7
Let j be ((-495)/(-22))/(-5)*12/27. Let v(u) = -u**2 - 5*u - 13. Determine v(j).
-7
Let t(j) = 2*j**3 - 51*j**2 - 13*j + 54. Let q(r) = 3*r**3 - 80*r**2 - 20*r + 81. Let c(m) = -5*q(m) + 8*t(m). What is c(8)?
-5
Let s(x) = -10*x - 14. Suppose -2*p - 16 = 4*k, -5*p + 55 - 81 = 3*k. Give s(k).
6
Suppose -89*u = 5*u - 34*u - 1020. Let z(m) = 16*m - 270. What is z(u)?
2
Let o(b) = 2*b + 7. Let u be 1/2*(-3 + 7). Suppose 41 - 47 = -u*d. Suppose -d*k + 5 = 4*x, -3*k + 5*x - 23 = 17. Calculate o(k).
-3
Let f(q) = q - 4. Let p(d) = d**3 + 8*d**2 + d + 11. Let k be p(-8). Let o be 76*7/84 + (-1)/k. Suppose 4*m - 18 = o. Determine f(m).
2
Let b be (-1455)/(-12) - -1 - (-40)/(-32). Suppose 18*x - b = -13. Let f(m) = -5*m + 7. Determine f(x).
-23
Let f(m) = 2 - 22*m**2 + 3*m**3 + 17 - 2*m**3 + 23*m**2. Suppose 2*o + 2 + 10 = 2*w, w + 4*o = 31. Let s be -7 + w - (5 + -1). Determine f(s).
19
Let b(n) be the first derivative of -n**4/2 - 37*n**3/3 + 8*n**2 - 57*n + 69. Let w be b(-19). Let a(t) = -t**3 - t**2 - t + 16. Calculate a(w).
16
Suppose -3*x - 10 = -2*z, -5*x + 11*z - 20 = 6*z. Let g(s) = s - 30. Give g(x).
-32
Let w(c) = 3*c**2 + 38*c + 67. Let g be w(-17). Let z = -301 + g. Let x(a) = a**3 + 12*a**2 - 13*a + 2. What is x(z)?
2
Let n(x) = -x**2 + 7*x + 40. Let d = 7133 + -7120. What is n(d)?
-38
Let u = 3 + -8. Let s(x) = -23*x**2 + 19*x**2 + 3*x**3 - 1325*x - 5 + 1327*x - 4*x**3. What is s(u)?
10
Let h(p) = 9*p**2 - 47*p - 5. Let w(b) = 14*b**2 - 71*b - 5. Let y(f) = 8*h(f) - 5*w(f). What is y(12)?
21
Let f(h) = -h**3 + 3*h**2 - 3*h + 20. Let k(m) = m**3 - 4*m**2 + 4*m - 20. Let n(w) = 3*f(w) + 2*k(w). Suppose 3*t + 9 = 5*a, 0*t - 2*t - 6 = 2*a. What is n(a)?
20
Let k be (-12)/4*(-1 - 2). Let f(y) = -7221*y**2 + 40*y - 49*y + 7222*y**2 - 13. Calculate f(k).
-13
Let g(t) = -t**3 - 4*t**2 + 35*t + 61. Let p(i) = -2*i**2 - 4*i - 1. Let v(x) = g(x) + 4*p(x). Give v(-13).
-21
Let r(q) = q**3 - 2*q**2 - q - 1. Let w(z) = -6*z + 297. Let n be w(49). Calculate r(n).
5
Let c(w) = w - 6. Suppose 5*y + 2475 = -25. Let x = y + 305. Let m be x/(-26) - (-3)/(-2). Determine c(m).
0
Let z(x) = 3*x**2 - 3*x**3 + x - 11*x**2 - 12 + 4*x**3. Let l be z(8). Let n(k) = -18 + k + 8 + 10. Give n(l).
-4
Let r(f) = f**3 + 14*f**2 - 2*f - 27. Let u be r(-14). Suppose 3*n - 7 + u = 0. Let p(y) = 8*y**2 + 5*y**n + 5 + 5*y - 14*y**2 + 4*y. Calculate p(8).
13
Let g(b) = b**3 - 15*b**2 + 14*b + 1. Suppose -5*l = -5*v - 1835, 11*l - 6*l + 4*v = 1808.